{"id":8882,"date":"2025-11-04T11:24:28","date_gmt":"2025-11-04T10:24:28","guid":{"rendered":"https:\/\/mr-ezy.com\/veelgestelde-vragen\/hat-der-mr-e-zy-eine-befestigungsschlaufe-fuer-den-wind\/"},"modified":"2025-11-04T11:24:28","modified_gmt":"2025-11-04T10:24:28","slug":"hat-der-mr-e-zy-eine-befestigungsschlaufe-fuer-den-wind","status":"publish","type":"veelgestelde-vragen","link":"https:\/\/mr-ezy.com\/de\/?veelgestelde-vragen=hat-der-mr-e-zy-eine-befestigungsschlaufe-fuer-den-wind","title":{"rendered":"Hat der Mr. E-ZY eine Befestigungsschlaufe f\u00fcr den Wind?"},"content":{"rendered":"<p>Ja, der Mr. E-ZY hat eine Befestigungsschlaufe. F\u00fcr zus\u00e4tzliche Stabilit\u00e4t am Strand kannst du zum Beispiel die mitgelieferte Tragetasche mit Sand f\u00fcllen und diese an der Schlaufe befestigen.  <\/p>\n","protected":false},"parent":0,"template":"","faq-category":[101],"class_list":["post-8882","veelgestelde-vragen","type-veelgestelde-vragen","status-publish","hentry","faq-category-algemeen-over-producten"],"acf":[],"faqimage":null,"_faqimage":null,"faqvideo":null,"_faqvideo":null,"faqdownload":null,"_faqdownload":null,"faqflowchart":null,"_faqflowchart":null,"_links":{"self":[{"href":"https:\/\/mr-ezy.com\/de\/wp-json\/wp\/v2\/veelgestelde-vragen\/8882","targetHints":{"allow":["GET"]}}],"collection":[{"href":"https:\/\/mr-ezy.com\/de\/wp-json\/wp\/v2\/veelgestelde-vragen"}],"about":[{"href":"https:\/\/mr-ezy.com\/de\/wp-json\/wp\/v2\/types\/veelgestelde-vragen"}],"wp:attachment":[{"href":"https:\/\/mr-ezy.com\/de\/wp-json\/wp\/v2\/media?parent=8882"}],"wp:term":[{"taxonomy":"faq-category","embeddable":true,"href":"https:\/\/mr-ezy.com\/de\/wp-json\/wp\/v2\/faq-category?post=8882"}],"curies":[{"name":"wp","href":"https:\/\/api.w.org\/{rel}","templated":true}]}}

Hat der Mr. E-ZY eine Befestigungsschlaufe für den Wind?

<p>Ja, der Mr. E-ZY hat eine Befestigungsschlaufe. Für zusätzliche Stabilität am Strand kannst du zum Beispiel die mitgelieferte Tragetasche mit Sand füllen und diese an der Schlaufe befestigen.  </p>
